{"id":13,"date":"2019-05-27T17:05:50","date_gmt":"2019-05-27T17:05:50","guid":{"rendered":"http:\/\/unter-weissen-fluegeln.de\/?page_id=13"},"modified":"2019-05-27T17:07:43","modified_gmt":"2019-05-27T17:07:43","slug":"ueber-dieses-projekt","status":"publish","type":"page","link":"https:\/\/unter-weissen-fluegeln.de\/?page_id=13","title":{"rendered":"\u00dcber dieses Projekt"},"content":{"rendered":"<section id=\"builder-section-text_11\" class=\"builder-section-first builder-section builder-section-text builder-section-last builder-text-columns-3\" style=\"background-size: cover; background-repeat: no-repeat;background-position: center center;\">\n<div class=\"builder-section-content\">\n<div class=\"builder-text-row\">\n<div class=\"builder-text-column builder-text-column-1\" id=\"builder-section-text_11-column-1\">\n<div class=\"builder-text-content\">\n<p><strong>\u00dcber dieses Projekt<\/strong><\/p>\n<p>Der wei\u00dfrussische Dichter Wladimir Korotk\u00e9witsch (1930\u20131984) nannte seine Heimat einmal &#8222;Das Land unter wei\u00dfen Fl\u00fcgeln&#8220;. Wei\u00dfrussland, eine in Deutschland nur wenig bekannte Region am Rande Europas, ist in Wirklichkeit ein Land, dessen wechselvolle Geschichte allenthalben in seiner Kultur, seinen St\u00e4dten, Landschaften und in seinen Menschen sichtbar wird. Der subjektive Blick auf dieses historische Erbe ist Thema der hier zusammengestellten Fotografien.<\/p>\n<\/p><\/div>\n<\/p><\/div>\n<div class=\"builder-text-column builder-text-column-2\" id=\"builder-section-text_11-column-2\">\n<div class=\"builder-text-content\">\n<p><strong>\u00dcber mich<\/strong><\/p>\n<p>Georg Schomacher, geboren 1969 in M\u00f6nchengladbach. Slawist, Historiker, P\u00e4dagoge. Ich fotografiere seit 1987 \u00fcberwiegend schwarzwei\u00df in den Bereichen Reisefotografie, Fotodokumentation und Reportage.<\/p>\n<\/p><\/div>\n<\/p><\/div>\n<div class=\"builder-text-column builder-text-column-3\" id=\"builder-section-text_11-column-3\">\n<div class=\"builder-text-content\">\n<p><strong>Kontakt<\/strong><\/p>\n<p>Auf direktem Weg bin ich uber die E-Mail-Adresse info@unter-weissen-fluegeln.de zu erreichen, oder Sie kontaktieren mich einfach \u00fcber meine Mobiltelefon-Nummer +49-163-72-081-72. Ich freue mich immer \u00fcber neue Begegnungen und Bekanntschaften.<\/p>\n<\/p><\/div>\n<\/p><\/div>\n<\/p><\/div>\n<\/p><\/div>\n<\/section>\n","protected":false},"excerpt":{"rendered":"<p>\u00dcber dieses Projekt Der wei\u00dfrussische Dichter Wladimir Korotk\u00e9witsch (1930\u20131984) nannte seine Heimat einmal &#8222;Das Land unter wei\u00dfen Fl\u00fcgeln&#8220;. Wei\u00dfrussland, eine in Deutschland nur wenig bekannte Region am Rande Europas, ist in Wirklichkeit ein Land, dessen wechselvolle Geschichte allenthalben in seiner Kultur, seinen St\u00e4dten, Landschaften und in seinen Menschen sichtbar wird. Der subjektive Blick auf dieses &hellip;<\/p>\n","protected":false},"author":1,"featured_media":0,"parent":0,"menu_order":0,"comment_status":"closed","ping_status":"closed","template":"template-builder.php","meta":{"footnotes":""},"class_list":["post-13","page","type-page","status-publish","hentry"],"_links":{"self":[{"href":"https:\/\/unter-weissen-fluegeln.de\/index.php?rest_route=\/wp\/v2\/pages\/13","targetHints":{"allow":["GET"]}}],"collection":[{"href":"https:\/\/unter-weissen-fluegeln.de\/index.php?rest_route=\/wp\/v2\/pages"}],"about":[{"href":"https:\/\/unter-weissen-fluegeln.de\/index.php?rest_route=\/wp\/v2\/types\/page"}],"author":[{"embeddable":true,"href":"https:\/\/unter-weissen-fluegeln.de\/index.php?rest_route=\/wp\/v2\/users\/1"}],"replies":[{"embeddable":true,"href":"https:\/\/unter-weissen-fluegeln.de\/index.php?rest_route=%2Fwp%2Fv2%2Fcomments&post=13"}],"version-history":[{"count":2,"href":"https:\/\/unter-weissen-fluegeln.de\/index.php?rest_route=\/wp\/v2\/pages\/13\/revisions"}],"predecessor-version":[{"id":15,"href":"https:\/\/unter-weissen-fluegeln.de\/index.php?rest_route=\/wp\/v2\/pages\/13\/revisions\/15"}],"wp:attachment":[{"href":"https:\/\/unter-weissen-fluegeln.de\/index.php?rest_route=%2Fwp%2Fv2%2Fmedia&parent=13"}],"curies":[{"name":"wp","href":"https:\/\/api.w.org\/{rel}","templated":true}]}}

Über dieses Projekt

<section id="builder-section-text_11" class="builder-section-first builder-section builder-section-text builder-section-last builder-text-columns-3" style="background-size: cover; background-repeat: no-repeat;background-position: center center;">
<div class="builder-section-content">
<div class="builder-text-row">
<div class="builder-text-column builder-text-column-1" id="builder-section-text_11-column-1">
<div class="builder-text-content">
<p><strong>Über dieses Projekt</strong></p>
<p>Der weißrussische Dichter Wladimir Korotkéwitsch (1930–1984) nannte seine Heimat einmal &#8222;Das Land unter weißen Flügeln&#8220;. Weißrussland, eine in Deutschland nur wenig bekannte Region am Rande Europas, ist in Wirklichkeit ein Land, dessen wechselvolle Geschichte allenthalben in seiner Kultur, seinen Städten, Landschaften und in seinen Menschen sichtbar wird. Der subjektive Blick auf dieses historische Erbe ist Thema der hier zusammengestellten Fotografien.</p>
</p></div>
</p></div>
<div class="builder-text-column builder-text-column-2" id="builder-section-text_11-column-2">
<div class="builder-text-content">
<p><strong>Über mich</strong></p>
<p>Georg Schomacher, geboren 1969 in Mönchengladbach. Slawist, Historiker, Pädagoge. Ich fotografiere seit 1987 überwiegend schwarzweiß in den Bereichen Reisefotografie, Fotodokumentation und Reportage.</p>
</p></div>
</p></div>
<div class="builder-text-column builder-text-column-3" id="builder-section-text_11-column-3">
<div class="builder-text-content">
<p><strong>Kontakt</strong></p>
<p>Auf direktem Weg bin ich uber die E-Mail-Adresse info@unter-weissen-fluegeln.de zu erreichen, oder Sie kontaktieren mich einfach über meine Mobiltelefon-Nummer +49-163-72-081-72. Ich freue mich immer über neue Begegnungen und Bekanntschaften.</p>
</p></div>
</p></div>
</p></div>
</p></div>
</section>

<p>Über dieses Projekt Der weißrussische Dichter Wladimir Korotkéwitsch (1930–1984) nannte seine Heimat einmal &#8222;Das Land unter weißen Flügeln&#8220;. Weißrussland, eine in Deutschland nur wenig bekannte Region am Rande Europas, ist in Wirklichkeit ein Land, dessen wechselvolle Geschichte allenthalben in seiner Kultur, seinen Städten, Landschaften und in seinen Menschen sichtbar wird. Der subjektive Blick auf dieses &hellip;</p>
